e
Is 46601979029 a prime number?
False
Is 2951127455 a composite number?
True
Is 14961955949 composite?
False
Is 20058918823 a prime number?
False
Is 21841812931 a composite number?
True
Is 26237140069 a prime number?
False
Is 71630947 a composite number?
True
Is 120618516719 a prime number?
True
Is 26195522269 a prime number?
False
Is 1066982251 composite?
False
Is 423228317 prime?
False
Is 1089133959 composite?
True
Is 776614733 prime?
False
Is 8328823231 composite?
True
Is 1016618651 a composite number?
False
Is 15897725245 a prime number?
False
Is 36198182677 a composite number?
True
Is 18475705385 composite?
True
Is 1950136031 prime?
True
Is 15868903 a prime number?
False
Is 8062742453 a composite number?
False
Is 3098034777 a prime number?
False
Is 547744783 composite?
True
Is 3079709951 composite?
False
Is 1707594487 a prime number?
True
Is 14176559407 a composite number?
False
Is 28557335447 composite?
True
Is 1112557937 a composite number?
False
Is 7380369637 prime?
True
Is 635897923 prime?
True
Is 9305094761 composite?
False
Is 3366964411 composite?
True
Is 9535716539 a prime number?
False
Is 1337222281 a composite number?
False
Is 52267577 prime?
False
Is 901187333 a composite number?
False
Is 11797717 a composite number?
False
Is 21362789909 a prime number?
True
Is 11333806453 composite?
False
Is 3031902937 prime?
False
Is 22907530615 prime?
False
Is 22359881279 a prime number?
True
Is 220676562673 a prime number?
False
Is 52903619411 a composite number?
True
Is 48849733337 a composite number?
False
Is 125335508971 prime?
True
Is 180938005565 a composite number?
True
Is 1313668033 prime?
False
Is 8273956459 a composite number?
True
Is 4772369201 a composite number?
True
Is 686085833 composite?
True
Is 29986885483 prime?
False
Is 186930463607 a composite number?
True
Is 19466149 a prime number?
True
Is 3100068327 a composite number?
True
Is 15298035083 a composite number?
False
Is 8221489477 composite?
True
Is 2506041623 composite?
True
Is 1322998433 a composite number?
True
Is 81117777739 a prime number?
True
Is 35731292131 a prime number?
True
Is 206066929 prime?
False
Is 8555105941 prime?
False
Is 459409879 a composite number?
True
Is 7248672269 a prime number?
True
Is 61079377181 a prime number?
False
Is 1221953323 composite?
True
Is 1412925713 prime?
True
Is 22621894807 composite?
True
Is 26336018251 a prime number?
False
Is 707445863 composite?
True
Is 2091328711 a prime number?
False
Is 21592800559 a composite number?
True
Is 16977569893 prime?
True
Is 52204199 prime?
False
Is 693230327 composite?
True
Is 103113539 composite?
False
Is 42987654583 composite?
False
Is 4342670069 a prime number?
False
Is 466708134449 prime?
False
Is 378594067 prime?
True
Is 11329979249 a composite number?
False
Is 1545118877 a composite number?
True
Is 200103457 composite?
True
Is 381855613 a composite number?
True
Is 473054580463 composite?
False
Is 4956889213 a composite number?
False
Is 8806154243 a composite number?
False
Is 40136796233 composite?
False
Is 90505307513 prime?
True
Is 1921379749 prime?
False
Is 16058338013 a composite number?
False
Is 747381379 prime?
False
Is 62440537 a composite number?
False
Is 31117523041 a composite number?
True
Is 11483815753 composite?
False
Is 22276886491 prime?
True
Is 18083683693 a prime number?
True
Is 881881411 a composite number?
False
Is 4798481539 a prime number?
True
Is 127748603 composite?
True
Is 916024699 prime?
False
Is 5953682177 a composite number?
False
Is 34454860339 prime?
False
Is 10272932869 a prime number?
False
Is 125412971 composite?
False
Is 10447847387 composite?
False
Is 12042799091 composite?
True
Is 133751567 a prime number?
False
Is 56096951 composite?
True
Is 1741174661 a composite number?
False
Is 4561683073 prime?
True
Is 6301547051 composite?
True
Is 1280671295 composite?
True
Is 25052902987 a prime number?
False
Is 437725331 a prime number?
False
Is 72954344429 composite?
False
Is 7523271577 prime?
False
Is 21448482103 a composite number?
False
Is 123228059237 composite?
True
Is 1008361411 composite?
True
Is 6939593069 a composite number?
True
Is 19364914721 a composite number?
False
Is 4645457221 a composite number?
True
Is 5355340603 composite?
False
Is 39820776503 composite?
False
Is 4864079299 a prime number?
False
Is 40395917 a prime number?
False
Is 6936384779 a composite number?
False
Is 294827707 a composite number?
True
Is 26512393 prime?
False
Is 39846693413 a composite number?
True
Is 1233335561 a composite number?
False
Is 2194825471 prime?
True
Is 4451806313 prime?
False
Is 332595455 prime?
False
Is 1602463091 a prime number?
True
Is 28320217727 composite?
True
Is 37302901451 a prime number?
True
Is 20091909997 a composite number?
False
Is 1717809391 composite?
False
Is 26100438971 a composite number?
False
Is 15630312223 composite?
True
Is 280664182153 a composite number?
True
Is 22535164957 a composite number?
False
Is 698962799 a composite number?
False
Is 7621305247 a composite number?
True
Is 11869531147 a prime number?
False
Is 2690868251 a prime number?
False
Is 25151472539 a composite number?
True
Is 2787434051 composite?
False
Is 66495885581 composite?
False
Is 2312531549 a composite number?
True
Is 4073874971 a prime number?
True
Is 21254107645 a composite number?
True
Is 889413869 prime?
False
Is 663138947 prime?
True
Is 14708121691 prime?
True
Is 12378287647 prime?
False
Is 4745843453 prime?
False
Is 2317180277 prime?
False
Is 45832727134 composite?
True
Is 14630504021 a prime number?
False
Is 1027174091 composite?
False
Is 18861744287 prime?
True
Is 52996854763 composite?
True
Is 6869784613 prime?
False
Is 93410037767 composite?
False
Is 2783996077 composite?
False
Is 2033184191 composite?
True
Is 60211097 prime?
True
Is 2546638931 composite?
False
Is 1474792031 composite?
True
Is 10587435019 a prime number?
False
Is 203725227247 a composite number?
False
Is 269241480841 composite?
True
Is 5182025297 a composite number?
True
Is 2307282403 composite?
False
Is 95420687 a composite number?
False
Is 464378039 composite?
True
Is 920315317 composite?
True
Is 14858730919 composite?
False
Is 17505417551 a prime number?
True
Is 2045421541 a prime number?
True
Is 1460919353 a composite number?
False
Is 10668664193 a composite number?
True
Is 1664829781 a composite number?
True
Is 219808607 prime?
False
Is 11244083 composite?
True
Is 47476869529 a composite number?
False
Is 64251473569 prime?
True
Is 110553263677 a prime number?
False
Is 363442489 a composite number?
False
Is 1056128819 prime?
False
Is 2515602689 composite?
False
Is 210836977045 a composite number?
True
Is 588430637 composite?
False
Is 1098338957 prime?
True
Is 18286181 composite?
True
Is 643313479 a prime number?
False
Is 5492820583 composite?
True
Is 26014687051 a prime number?
True
Is 3848314031 a prime number?
False
Is 14110778069 composite?
False
Is 436911971501 a prime number?
True
Is 1046183227 prime?
True
Is 53447944723 a prime number?
True
Is 89808211589 a prime number?
False
Is 542145683 a composite number?
True
Is 139214798417 composite?
False
Is 3868018951 prime?
False
Is 526401389 prime?
True
Is 318070801 prime?
True
Is 21498697729 prime?
False
Is 45156075199 a prime number?
True
Is 1884986993 composite?
False
Is 5133099295 composite?
True
Is 54254910691 a composite number?
False
Is 4519452761 prime?
True
Is 1738819139 composite?
True
Is 128525731 prime?
False
Is 5704946477 prime?
True
Is 39736783 a composite number?
True
Is 2255871817 prime?
True
Is 1112940041 composite?
True
Is 376739189 composite?
True
Is 17540562457 composite?
True
Is 8918091307 a composite number?
False
Is 456887591 a composite number?
False
Is 2992182737 a composite number?
True
Is 82906627 a prime number?
False
Is 251375758877 prime?
False
Is 1341477869 a composite number?
False
Is 76005565 a composite number?
True
Is 403050839 a composite number?
False
Is 10734311431 prime?
False
Is 15056715077 a prime number?
False
Is 18094960277 a prime number?
True
Is 42703621157 a composite number?
True
Is 2878943105 a composite number?
True
Is 5202890411 a composite number?
False
Is 896760805 prime?
False
Is 908380157 prime?
False
Is 13683111913 a composite number?
False
Is 64009701969 a prime number?
False
